ve of -r**3/3 + r - 14. Let k be g(1). Let b(w) = w + k*w - 1 - 2*w. Calculate b(-3).
2
Suppose 4*o = 25 - 9. Suppose 2*x + w - 3 = -2*w, -4*x = o*w - 8. Suppose 4*f + 31 = -x*c, 3*c + 6*f = f - 35. Let v(g) = g**2 + 5*g - 4. Determine v(c).
-4
Let j be (-36)/48*(8 - (0 + 0)). Let f be ((-2)/j)/((-6)/(-18)). Let z(a) = -24*a + 1. Determine z(f).
-23
Let u be (-38)/(-8) + 6/(-8). Let x be 3 - 32/u - -35. Suppose 2*o - 48 = -x. Let n(m) = -m**2 + 8*m + 12. Calculate n(o).
3
Let d be 28/16 + (-97)/(-388). Let j(m) = 12*m + 6. What is j(d)?
30
Suppose 13*z - 2*z = 0. Let o(c) = -c**2. Let g(t) = -t**3 + t**2 - t - 1. Let r(d) = -g(d) - o(d). What is r(z)?
1
Let p(r) = -11*r + 69. Let q(a) = -41*a + 272. Let u(v) = -22*p(v) + 6*q(v). Give u(25).
14
Let b(i) be the first derivative of -i**3/6 + i**2 - 14*i + 10. Let s(g) be the first derivative of b(g). Suppose -20 = 3*t + l, t + 10 = -l - 0. Give s(t).
7
Let a(f) = -f**3 - 2*f**2 + 3*f - 2. Suppose 3*o = 3*v + 6, 0 = o + 2*o + v - 6. Calculate a(o).
-12
Suppose 104 = 4*b + 14*b - 76. Let u(m) be the first derivative of -b - 2*m - 2/3*m**3 - 1/2*m**2. Give u(2).
-12
Suppose -5090 = -b - b - 5*z, 12667 = 5*b - 2*z. Let p(o) = -2536 + 5065 - 7*o - b - 2*o**2. Give p(-5).
-21
Let b(a) = -4*a**2 - 364*a + 5. Let g be b(-91). Let o(y) = y**2 + y - 17. Calculate o(g).
13
Suppose 161*u = 167*u - 18. Let s(o) = -18*o**2 + 15*o**2 - 2 - 13*o**2 + 23*o**3 - 22*o**u + 15*o. Give s(15).
-2
Let y(s) = s**3 + 6*s**2 + 6*s + 7. Suppose -13*q = -16*q + 99. Let a be (-171)/q + (-8)/(-44). Calculate y(a).
2
Let c(w) = -w**3 - 3*w**2 - w + 1. Let t(r) = -2*r**2 - 11*r - 6. Let h be t(-4). Let g be ((-16)/h)/(4/6). Calculate c(g).
21
Let z(j) = -7*j + 13. Suppose 12*p - 38 - 51 = 19. Calculate z(p).
-50
Let m be (-6)/4*((-13 - (-572)/39) + 1). Let i(a) = -40*a - 2. Give i(m).
158
Let y(m) = 5*m**3 - 21*m**2 + 11*m + 16. Let k(j) = j**3 - 4*j**2 + 2*j + 3. Let w(q) = -11*k(q) + 2*y(q). Let t = 152 + -153. Let l be 5/(-10)*2*t. Give w(l).
0
Let j(f) = -3*f**2 + 123*f - 239. Let y be j(2). Let k(n) = -n**2 + n**2 + 2*n**2 + 3*n. Determine k(y).
35
Let v(t) = 2*t**3 + t**2 - 6*t - 7. Let m = -2393 - -2391. Determine v(m).
-7
Let n(d) be the third derivative of -d**5/20 + d**4/6 + d**3/3 - 2240*d**2. What is n(5)?
-53
Suppose 2031 = -7*s + 2024. Let t(x) = -15*x + 1. Let o(z) = -15*z + 1. Let r(n) = 5*o(n) - 6*t(n). Give r(s).
-16
Let q(k) = -k**3 + 5*k**2 + 2*k - 27. Let a(l) = -40*l - 716. Let y be a(-18). Determine q(y).
-3
Let y(a) = 13*a - 12. Let q(k) = -10*k + 11. Let c = 216 + -213. Let t(b) = c*y(b) + 4*q(b). What is t(7)?
1
Let j(z) = -18*z - z**2 - 104 + 395 - 142 - 103. Give j(-20).
6
Suppose -g + 3 = -5. Suppose -3*r + g = -1. Let u(k) be the third derivative of k**5/30 - k**4/24 + k**3/3 + 3840*k**2 + 2*k. What is u(r)?
17
Let a(r) = -5*r**2 + 5*r + 4. Let m(t) = t**3 - 99*t - 11. Let n be m(10). What is a(n)?
-6
Let o(f) = f**2 - 5*f - 6. Suppose 3*x = 24*x - 2289. Suppose 0 = -16*w + x - 29. Determine o(w).
-6
Let v be (0 + 1)*(160 - 3). Let c(w) = 473 - 162 - 155 + w - v. Determine c(-5).
-6
Suppose -4*w + 72 - 48 = 0. Suppose -2*a = -w*a + 28. Let i(s) = -s**3 + 7*s**2 - s - 6. Give i(a).
-13
Let k(n) be the third derivative of -n**4/6 - 40*n**3/3 + 2*n**2 + 1206. Give k(-13).
-28
Let k(m) = m**3 - 10*m**2 - 124*m - 37. Let c be k(-7). Let v(y) be the third derivative of y**5/20 + y**4/12 + y**3/6 + 5*y**2. Calculate v(c).
9
Let q(i) = -22*i**3 - 2*i**2 - 2*i - 1. Suppose 5 = 146*m - 151*m. Give q(m).
21
Let j(l) = l**2 + 2*l - 12. Suppose 4*m + g + 23 = 0, -2*m - 222*g + 217*g - 25 = 0. Give j(m).
3
Let q = -37 - -39. Let r(w) = -1 - 47*w**q + 56*w**2 + 1. Let g(d) = -d + 24. Let o be g(23). What is r(o)?
9
Let x(a) = a**2 + 62*a + 1. Let z be x(0). Let i(r) = -8*r**2 + 8*r - 7. Determine i(z).
-7
Let r(x) be the first derivative of -5*x**2/2 + 2*x + 1. Suppose -4*z - 2*k = -4 + 2, 5*z + 2*k - 5 = 0. Let s be z*(-3*4/(-18) + 0). What is r(s)?
-8
Let o(n) be the third derivative of n**6/120 - n**4/12 - n**3/2 - 10*n**2. Let t(q) = 6*q + 273. Let r be t(-46). Calculate o(r).
-24
Let i(g) = 9*g**2 - g - 1. Let s(l) = 55*l**2 - 11*l - 1. Let b(f) = -6*i(f) + s(f). Suppose k = 3 + 3. Give b(k).
11
Let n(u) = -u**3 - 4*u**2 + 6*u - 5. Let y be ((-40)/115)/4 - (-6)/69. Suppose -h = 1 - y, 5*h + 15 = -2*o. Determine n(o).
-10
Let u(p) be the first derivative of p**2/2 - 26*p + 656. What is u(11)?
-15
Let w(o) = o**3 - 11*o**2 + 66*o + 2. Let r(y) = -y**3 + 10*y**2 - 52*y - 2. Let n(j) = 6*r(j) + 5*w(j). Give n(8).
-50
Let i(r) be the third derivative of -r**7/840 - 7*r**6/360 - r**5/60 - r**4/3 - 25*r**3/6 - 73*r**2. Let u(v) be the first derivative of i(v). Calculate u(-7).
6
Let k(h) be the first derivative of 28*h**2 + 5*h - 37. Let v(c) = 11*c + 1. Let p(l) = 2*k(l) - 11*v(l). Give p(3).
-28
Let h(l) = 0*l**2 - 4*l**2 + l**3 - 16*l - 25 + 8 + l**3 + 53. Calculate h(3).
6
Let y(n) = -3*n**3 + 2*n**2 + n - 3. Let d(b) = -8*b**3 + 13*b**2 - 13*b - 24. Let g(v) = -d(v) + 3*y(v). Calculate g(-9).
33
Suppose o + 108 = -2*o - 2*i, 4*i - 22 = o. Let f = -32 - o. Let d(g) = -5*g - 2 + 8 + f + 6*g. What is d(0)?
8
Let v(r) = -r. Let f be v(-8). Let g(u) be the first derivative of -1/3*u**3 + 4*u**2 + u + 25. Give g(f).
1
Let q(h) = 4*h + 18. Suppose 25*r - 8468 = -8568. What is q(r)?
2
Let l(h) = -h**3 + 2*h**2 + 2. Suppose 32*d = -33*d + 48*d. Give l(d).
2
Let u(y) be the second derivative of y**4/3 - y**3/6 + y**2/2 - 135*y + 10. Give u(-6).
151
Let w(q) = 30*q - 11. Suppose 90*b + 12 = 95*b - 2*v, -4*v - 24 = 0. Give w(b).
-11
Let f(g) = -86*g**2 + 0 + 7 + 85*g**2 + 0 + 4 + 4*g. What is f(9)?
-34
Let v(z) = -z + 2. Suppose 8*c - 6 = 6*c. Suppose -a = c*b - 14, 5*a - 4*b + 20 = 7*a. Give v(a).
0
Let l(b) = -3*b**2 - 2*b. Let r = 3791 + -3796. Determine l(r).
-65
Let i(t) = -t**3 + 14*t**2 - 10*t - 10. Suppose -10 = -2*c, -284*c + 282*c + 49 = 3*f. Determine i(f).
29
Let b = 51 + -39. Let q be (4 + b/(-9))*18/4. Let l be (3/6)/(1/q). Let j(a) = -a + 6. What is j(l)?
0
Let y(a) = -3 - 6*a - a - 5*a**2 + 3*a**2. Suppose 369*s - 397*s - 191 + 51 = 0. Determine y(s).
-18
Let w(a) = -a - 9. Let s(j) = j**2 - 6*j + 12. Let i be s(4). Suppose 5*r + 5*f = 160, 5*r - 74 = i*f + 50. Let g = r - 32. Determine w(g).
-5
Let z(d) = d + 11. Let u(b) = 2*b + 20. Let h(x) = u(x) - z(x). What is h(8)?
17
Suppose -42 = -5*i - 7. Let n(v) = 5*v - i*v - 4*v + 1. Let a be 1 + -1 - (-6)/6. Give n(a).
-5
Let t(s) be the second derivative of -7*s**3/3 - 7*s**2/2 + 1906*s. What is t(-3)?
35
Let o be (18/(-5*84/(-40)))/((-6)/21). Let g(d) = d**3 + 7*d**2 + 7*d + 2. Give g(o).
-4
Let x(f) = 444*f - 1317. Let h be x(3). Let b(z) = z - 9 + 10 - 20. Calculate b(h).
-4
Let q(x) = -x**2 + 7*x + 4. Let w = 171 + -126. Suppose w = -52*u + 57*u. Determine q(u).
-14
Suppose 23 = -3*z - 4*c, -c + 18 = 433*z - 437*z. Let a(x) be the second derivative of -x**5/20 - 7*x**4/12 - 5*x**3/6 + 3*x**2 + 5*x. Determine a(z).
-19
Let u(y) = 549*y + 8. Let h be u(0). Let n(m) = 14*m - 115. What is n(h)?
-3
Let s(d) = -3*d**2 + 5*d - 6. Let y be (10/42*7)/(15/9). Give s(y).
-4
Let x = -67 - -68. Suppose -t = 6 - 1, 2*t + 60 = 5*b. Let y(p) = 2*p + b*p - 1 - 6*p. Give y(x).
5
Suppose 5*n - 4*n = -5*r + 22, -n - 3*r = -16. Let w(m) be the third derivative of m**4/6 - 3*m**3/2 + 2*m**2 + 9455*m. What is w(n)?
19
Let k(g) = -22818 + 12*g**2 - g**3 + 12*g**2 + 22767 - 20*g. Give k(23).
18
Let w(c) = -c**2 - 33*c + 668. Let t(i) = 5*i**2 + 168*i - 3334. Let u(s) = 3*t(s) + 14*w(s). What is u(12)?
-2
Let s = -18 - -60. Let g(y) = 42*y**2 + s*y**2 - 85*y**2 - 1. Suppose -5*d - 15 - 5 = 5*a, 4*d + a + 13 = 0. Calculate g(d).
-10
Suppose 79 = 3*l - 215. Let k = 120 - l. Let w(m) = -7 - 2*m - m - k*m**3 + 23*m**3 + 6*m**2 + m. Determine w(-6).
5
Suppose -9*i + 32 = -13*i. Let c be (4 + 33/(-8))*i. Let z(g) = g**3 + 2*g + 0*g**3 + 2 - c + 26*g**2 - 30*g**2. Give z(4).
9
Let m(u) = -1273*u - 5 + 0 + 1282*u. Let w(l) = 22*l - 9. Let j(q) = 5*m(q) - 2*w(q). What is j(4)?
-3
Suppose 20954*c = 20969*c + 180. Let u(k) = -k**2 - 12*k - 25. Give u(c).
-25
Let q(j) be the first derivative of 1/30*j**5 + 0*j**2 - 1/6*j**4 + 32/3*j**3 + 0*j - 2. Let k(d) be the third derivative of q(d)